nd 123.
41
What is the highest common factor of 34 and 1938?
34
What is the greatest common factor of 10 and 28?
2
What is the greatest common factor of 87 and 6873?
87
What is the greatest common factor of 64 and 56?
8
Calculate the greatest common factor of 822 and 30.
6
Calculate the greatest common divisor of 1336 and 3173.
167
Calculate the highest common factor of 9 and 171.
9
Calculate the greatest common factor of 174 and 120.
6
What is the greatest common factor of 333 and 11211?
111
What is the greatest common divisor of 90 and 630?
90
Calculate the greatest common divisor of 72 and 104.
8
What is the greatest common factor of 36 and 324?
36
Calculate the highest common divisor of 110 and 2980.
10
What is the greatest common factor of 1456 and 5040?
112
What is the greatest common factor of 846 and 36?
18
Calculate the greatest common factor of 707 and 112.
7
Calculate the highest common factor of 11 and 33.
11
What is the greatest common divisor of 270 and 1110?
30
Calculate the greatest common factor of 540 and 48.
12
Calculate the highest common factor of 8 and 584.
8
What is the greatest common divisor of 9 and 78?
3
What is the greatest common factor of 100 and 2?
2
Calculate the highest common divisor of 153 and 288.
9
What is the highest common factor of 279 and 93?
93
What is the greatest common factor of 608 and 416?
32
What is the highest common divisor of 8 and 824?
8
What is the greatest common divisor of 2343 and 297?
33
Calculate the highest common divisor of 114 and 152.
38
What is the highest common divisor of 532 and 551?
19
Calculate the highest common divisor of 38 and 57.
19
What is the greatest common factor of 18 and 369?
9
Calculate the greatest common divisor of 384 and 9.
3
What is the greatest common factor of 16 and 1328?
16
Calculate the greatest common divisor of 18 and 1926.
18
What is the highest common divisor of 75 and 2955?
15
Calculate the highest common divisor of 9 and 3501.
9
What is the highest common divisor of 6 and 5637?
3
What is the greatest common divisor of 170 and 90?
10
What is the greatest common divisor of 156 and 32708?
52
What is the greatest common factor of 42 and 102?
6
Calculate the greatest common divisor of 124 and 93.
31
Calculate the highest common factor of 3436 and 4.
4
Calculate the greatest common factor of 48 and 2480.
16
Calculate the highest common divisor of 102 and 2958.
102
Calculate the greatest common divisor of 20 and 210.
10
Calculate the greatest common factor of 119 and 68.
17
What is the highest common factor of 1498 and 28?
14
What is the greatest common factor of 24 and 7980?
12
What is the highest common factor of 109 and 109?
109
Calculate the greatest common divisor of 50 and 975.
25
Calculate the greatest common factor of 10 and 2165.
5
Calculate the highest common factor of 152 and 19912.
152
Calculate the highest common factor of 1800 and 25.
25
What is the highest common factor of 399 and 357?
21
What is the highest common factor of 3436 and 4?
4
Calculate the highest common divisor of 12330 and 90.
90
Calculate the greatest common divisor of 2331 and 10656.
333
What is the highest common factor of 24 and 480?
24
What is the highest common divisor of 16 and 28?
4
Calculate the greatest common divisor of 72 and 1656.
72
Calculate the greatest common factor of 255 and 55.
5
What is the greatest common factor of 46 and 2254?
46
Calculate the greatest common divisor of 97 and 388.
97
What is the highest common factor of 195 and 615?
15
What is the highest common factor of 1380 and 10?
10
What is the greatest common factor of 5276 and 4?
4
Calculate the greatest common factor of 132 and 231.
33
What is the highest common factor of 18384 and 16?
16
What is the greatest common factor of 147 and 196?
49
Calculate the greatest common divisor of 126 and 70.
14
Calculate the greatest common divisor of 345 and 45.
15
Calculate the greatest common factor of 120 and 20.
20
What is the greatest common divisor of 306 and 1494?
18
What is the highest common divisor of 87 and 145?
29
What is the greatest common divisor of 142 and 12?
2
What is the highest common factor of 276 and 24?
12
What is the greatest common factor of 4617 and 171?
171
Calculate the greatest common factor of 98 and 567.
7
What is the highest common factor of 87 and 1?
1
What is the highest common factor of 1860 and 3410?
310
Calculate the greatest common divisor of 52 and 18486.
26
Calculate the greatest common factor of 556 and 4.
4
What is the highest common divisor of 1351 and 1158?
193
What is the highest common divisor of 10 and 7570?
10
Calculate the greatest common factor of 408 and 16116.
204
What is the highest common divisor of 981 and 9?
9
What is the greatest common divisor of 8672 and 96?
32
Calculate the greatest common divisor of 1491 and 42.
21
What is the highest common divisor of 10 and 30?
10
Calculate the greatest common divisor of 4844 and 56.
28
What is the greatest common divisor of 516 and 24?
12
What is the greatest common divisor of 560 and 448?
112
Calculate the highest common divisor of 78 and 1820.
26
What is the highest common factor of 74 and 7141?
37
Calculate the greatest common divisor of 26 and 1625.
13
Calculate the highest common factor of 161 and 713.
23
What is the highest common divisor of 8 and 26?
2
What is the highest common factor of 583 and 11?
11
What is the greatest common divisor of 15 and 18?
3
What is the highest common divisor of 27 and 11898?
9
Calculate the highest common divisor of 6838 and 26.
26
Calculate the highest common factor of 9 and 11.
1
What is the highest common factor of 24324 and 12?
12
What is the highest common divisor of 133 and 817?
19
What is the greatest common factor of 1075 and 86?
43
Calculate the highest common divisor of 106 and 7738.
106
What is the highest common divisor of 1644 and 18?
6
What is the greatest common factor of 35 and 427?
7
What is the greatest common factor of 72 and 828?
36
What is the highest common divisor of 44 and 44396?
44
What is the highest common divisor of 82 and 1189?
41
What is the highest common factor of 2330 and 20?
10
Calculate the highest common divisor of 2112 and 15136.
352
Calculate the highest common divisor of 2358 and 18.
18
What is the highest common factor of 13821 and 34?
17
Calculate the highest common factor of 240 and 7120.
80
Calculate the highest common factor of 39 and 1391.
13
What is the highest common divisor of 110 and 17985?
55
What is the highest common factor of 113 and 4633?
113
What is the highest common factor of 133 and 1162?
7
Calculate the highest common divisor of 41744 and 32.
16
Calculate the greatest common divisor of 306 and 18.
18
Calculate the highest common divisor of 182 and 26.
26
What is the highest common factor of 80 and 352?
16
What is the highest common divisor of 268 and 335?
67
Calculate the highest common factor of 329 and 98042.
329
Calculate the highest common divisor of 12444 and 612.
204
What is the highest common divisor of 27 and 54?
27
What is the greatest common factor of 243 and 8?
1
What is the highest common divisor of 9451 and 130?
13
What is the highest common factor of 198 and 3498?
66
What is the highest common divisor of 53 and 7102?
53
Calculate the greatest common factor of 22 and 11.
11
Calculate the greatest common divisor of 6357 and 326.
163
Calculate the greatest common divisor of 3 and 29.
1
Calculate the greatest common factor of 305 and 183.
61
Calculate the highest common factor of 33102 and 54.
54
What is the greatest common divisor of 2 and 23?
1
What is the greatest common divisor of 90 and 3145?
5
Calculate the greatest common divisor of 168 and 252.
84
Calculate the greatest common factor of 132 and 704.
44
What is the greatest common divisor of 2058 and 42?
42
What is the greatest common factor of 732 and 48?
12
Calculate the highest common divisor of 595 and 189.
7
What is the highest common divisor of 12 and 196?
4
What is the highest common factor of 931 and 247?
19
Calculate the highest common divisor of 2329 and 274.
137
What is the highest common factor of 3245 and 110?
55
What is the highest common factor of 17848 and 184?
184
Calculate the greatest common divisor of 2959 and 11.
11
What is t